
{"id":1599,"date":"2026-05-06T13:15:34","date_gmt":"2026-05-06T12:15:34","guid":{"rendered":"https:\/\/interlog.put.poznan.pl\/?page_id=1599"},"modified":"2026-05-06T13:15:35","modified_gmt":"2026-05-06T12:15:35","slug":"o-konferencji-2","status":"publish","type":"page","link":"https:\/\/interlog.put.poznan.pl\/?page_id=1599","title":{"rendered":"O konferencji"},"content":{"rendered":"\n<p><\/p>\n\n\n\n<p class=\"has-text-align-center\">Szanowni Pa\u0144stwo,<br><br>mi\u0142o nam poinformowa\u0107, \u017ce&nbsp;Komitet organizacyjny <a href=\"https:\/\/www.linkedin.com\/company\/interlog-interdyscyplinarna-konferencja-naukowa\/\">interLOG &#8211; Interdyscyplinarna Konferencja Naukowa<\/a> oficjalnie rozpocz\u0105\u0142 prace nad&nbsp;kolejn\u0105 ods\u0142on\u0105 naszego wydarzenia.<br><br>Pracujemy nad&nbsp;now\u0105 formu\u0142\u0105 oraz&nbsp;rozwi\u0105zaniami, kt\u00f3re jeszcze lepiej po\u0142\u0105cz\u0105 \u015bwiat nauki i&nbsp;biznesu. Nie zabraknie inspiracji, praktycznych case studies i&nbsp;przestrzeni do&nbsp;networkingu. \ud83d\udc69\u200d\ud83d\udcbb \ud83d\udcac \ud83d\udca1<br><br>Na&nbsp;razie zdradzamy tylko tyle\u2026<br>\ud83d\udc49 wi\u0119cej szczeg\u00f3\u0142\u00f3w ju\u017c wkr\u00f3tce!<\/p>\n\n\n\n<p class=\"has-text-align-center\"><strong>Zakres tematyczny konferencji InterLOG:<\/strong> <br><strong>LOGISTYKA \u2013 PRODUKCJA \u2013<\/strong> <strong>EKONOMIA<\/strong><\/p>\n\n\n\n<p><\/p>\n\n\n\n<p>Wydzia\u0142 In\u017cynierii Zarz\u0105dzania Politechniki Pozna\u0144skiej<br>ul.&nbsp;Jacka Rychlewskiego 2, 60-965 Pozna\u0144<\/p>\n\n\n<div class=\"wp-block-image\">\n<figure class=\"aligncenter size-full is-resized\"><img loading=\"lazy\" decoding=\"async\" width=\"4096\" height=\"2316\" src=\"https:\/\/interlog.put.poznan.pl\/wp-content\/uploads\/2024\/02\/put-2-2.png\" alt=\"\" class=\"wp-image-520\" style=\"width:561px;height:auto\" srcset=\"https:\/\/interlog.put.poznan.pl\/wp-content\/uploads\/2024\/02\/put-2-2.png 4096w, https:\/\/interlog.put.poznan.pl\/wp-content\/uploads\/2024\/02\/put-2-2-300x170.png 300w, https:\/\/interlog.put.poznan.pl\/wp-content\/uploads\/2024\/02\/put-2-2-1024x579.png 1024w, https:\/\/interlog.put.poznan.pl\/wp-content\/uploads\/2024\/02\/put-2-2-768x434.png 768w, https:\/\/interlog.put.poznan.pl\/wp-content\/uploads\/2024\/02\/put-2-2-1536x869.png 1536w, https:\/\/interlog.put.poznan.pl\/wp-content\/uploads\/2024\/02\/put-2-2-2048x1158.png 2048w\" sizes=\"auto, (max-width: 4096px) 100vw, 4096px\" \/><\/figure><\/div>\n\n\n<p class=\"has-text-align-center\"><br>Zapraszamy na&nbsp;wirtualny spacer po&nbsp;budynku WAWIZ<br><a href=\"https:\/\/my.matterport.com\/show\/?m=WW9CB1FTxEp\">KLIKNIJ, \u017ceby&nbsp;sprawdzi\u0107 jak wygl\u0105da Wydzia\u0142 In\u017cynierii Zarz\u0105dzania<\/a><\/p>\n","protected":false},"excerpt":{"rendered":"<p>Szanowni Pa\u0144stwo, mi\u0142o nam poinformowa\u0107, \u017ce&nbsp;Komitet organizacyjny interLOG &#8211; Interdyscyplinarna Konferencja Naukowa oficjalnie rozpocz\u0105\u0142 prace nad&nbsp;kolejn\u0105 ods\u0142on\u0105 naszego wydarzenia. Pracujemy nad&nbsp;now\u0105 formu\u0142\u0105 oraz&nbsp;rozwi\u0105zaniami, kt\u00f3re jeszcze lepiej po\u0142\u0105cz\u0105 \u015bwiat nauki i&nbsp;biznesu. Nie zabraknie inspiracji, praktycznych case studies i&nbsp;przestrzeni do&nbsp;networkingu. \ud83d\udc69\u200d\ud83d\udcbb \ud83d\udcac \ud83d\udca1 Na&nbsp;razie zdradzamy tylko tyle\u2026\ud83d\udc49 wi\u0119cej szczeg\u00f3\u0142\u00f3w ju\u017c wkr\u00f3tce! Zakres tematyczny konferencji InterLOG: LOGISTYKA \u2013&hellip; <br \/> <a class=\"read-more\" href=\"https:\/\/interlog.put.poznan.pl\/?page_id=1599\">Dowiedz si\u0119 wi\u0119cej<\/a><\/p>\n","protected":false},"author":2,"featured_media":0,"parent":0,"menu_order":0,"comment_status":"closed","ping_status":"closed","template":"","meta":{"_themeisle_gutenberg_block_has_review":false,"footnotes":""},"class_list":["post-1599","page","type-page","status-publish","hentry"],"_links":{"self":[{"href":"https:\/\/interlog.put.poznan.pl\/index.php?rest_route=\/wp\/v2\/pages\/1599","targetHints":{"allow":["GET"]}}],"collection":[{"href":"https:\/\/interlog.put.poznan.pl\/index.php?rest_route=\/wp\/v2\/pages"}],"about":[{"href":"https:\/\/interlog.put.poznan.pl\/index.php?rest_route=\/wp\/v2\/types\/page"}],"author":[{"embeddable":true,"href":"https:\/\/interlog.put.poznan.pl\/index.php?rest_route=\/wp\/v2\/users\/2"}],"replies":[{"embeddable":true,"href":"https:\/\/interlog.put.poznan.pl\/index.php?rest_route=%2Fwp%2Fv2%2Fcomments&post=1599"}],"version-history":[{"count":1,"href":"https:\/\/interlog.put.poznan.pl\/index.php?rest_route=\/wp\/v2\/pages\/1599\/revisions"}],"predecessor-version":[{"id":1602,"href":"https:\/\/interlog.put.poznan.pl\/index.php?rest_route=\/wp\/v2\/pages\/1599\/revisions\/1602"}],"wp:attachment":[{"href":"https:\/\/interlog.put.poznan.pl\/index.php?rest_route=%2Fwp%2Fv2%2Fmedia&parent=1599"}],"curies":[{"name":"wp","href":"https:\/\/api.w.org\/{rel}","templated":true}]}}